98. Give n(89).
15
Let g(q) = 2*q**3 - 616*q**2 + 9*q + 23. Give g(308).
2795
Let n(y) = 11*y**3 - 374*y**2 + 19*y + 49. Calculate n(34).
695
Let p(u) = -u**3 - 31*u**2 - 71*u - 242. Calculate p(-29).
135
Let m(y) = -4376*y - 80221. What is m(-18)?
-1453
Let y(i) = i**3 + 235*i**2 - 2204*i + 118. What is y(9)?
46
Let i(f) = 9239*f - 101518. Calculate i(11).
111
Let v(q) = -10048*q + 20134. Give v(2).
38
Let l(o) = 61*o**2 - 913*o + 1724. Determine l(2).
142
Let s(g) = -173*g - 1994. Calculate s(-14).
428
Let i(r) = 50*r + 4321. Give i(-82).
221
Let g(o) = 196*o**3 - 6*o**2 + 112*o - 205. What is g(2)?
1563
Let z(i) = 2*i**3 + 40*i**2 + 18808*i + 376190. What is z(-20)?
30
Let h(j) = 43*j**2 + 116*j - 550. Determine h(-6).
302
Let a(m) = -116*m + 6961. Calculate a(63).
-347
Let q(z) = 6*z**2 + 2370*z - 30749. Calculate q(13).
1075
Let x(f) = -8*f**3 - 138*f**2 - 318*f - 38. Give x(-2).
110
Let o(g) = -523*g**2 + 53*g + 3. What is o(-2)?
-2195
Let p(w) = -w**2 + 214*w + 27978. Calculate p(305).
223
Let s(g) = -g**3 + 74*g**2 - 536*g + 659. Determine s(66).
131
Let s(y) = -2*y**2 + 11*y + 612. What is s(-17)?
-153
Let a(p) = -2598114*p - 5. What is a(0)?
-5
Let a(c) = c**2 + 253*c - 4648. Determine a(16).
-344
Let b(m) = 1358*m + 65217. Determine b(-48).
33
Let k(m) = -m**3 + 193*m**2 + 23*m - 41345. Give k(192).
-65
Let t(r) = r**3 - 56*r**2 + 701*r + 1089. Determine t(22).
55
Let t(m) = 3359*m + 6424. Determine t(-2).
-294
Let m(z) = z**3 - 23*z**2 + 159*z - 1964. Determine m(20).
16
Let s(r) = -5644*r + 231426. What is s(41)?
22
Let v(w) = 13020*w + 182625. Give v(-14).
345
Let k(i) = 46355*i + 46351. Calculate k(-1).
-4
Let l(x) = 5*x**2 + 48*x - 43. What is l(-11)?
34
Let h(j) = 3*j**2 - 390*j - 2192. Calculate h(-6).
256
Let m(v) = -v**2 + 52218*v - 313279. Determine m(6).
-7
Let m(u) = 7451*u + 2421579. What is m(-325)?
4
Let s(a) = -30606*a + 2938171. Give s(96).
-5
Let b(z) = -z**3 + 3*z**2 + 702*z - 43. Calculate b(28).
13
Let a(s) = 27*s**2 - 1323*s - 7388. Determine a(-5).
-98
Let b(m) = -m**2 + 195*m - 9648. What is b(106)?
-214
Let m(j) = -j**3 + 514*j**2 - 1529*j - 2036. Calculate m(511).
8
Let g(m) = 2*m**2 - 9548*m + 47703. Determine g(5).
13
Let b(t) = -330*t + 24592. What is b(76)?
-488
Let f(c) = 179*c**2 + 6134*c - 360. Determine f(-34).
-1992
Let d(m) = 5194*m - 670013. What is d(129)?
13
Let n(b) = -b**3 - 167*b**2 + 446*b + 74474. Give n(-167).
-8
Let d(f) = 4*f**3 - 313*f**2 - 255*f + 1502. Give d(79).
80
Let f(d) = 11708*d + 1744463. What is f(-149)?
-29
Let a(d) = 1599*d - 174736. Calculate a(109).
-445
Let n(h) = 48161*h + 240808. What is n(-5)?
3
Let z(k) = 80*k + 72. What is z(4)?
392
Let z(p) = -70697*p + 1201854. Calculate z(17).
5
Let w(h) = -55*h + 1077. Calculate w(21).
-78
Let b(u) = -4857*u + 145630. Determine b(30).
-80
Let x(w) = 2704*w + 10933. Calculate x(-4).
117
Let y(s) = 234*s + 7492. What is y(-30)?
472
Let z(o) = 20*o**2 + 653*o + 2593. Give z(-4).
301
Let z(o) = -3*o**2 - 16941*o + 33883. What is z(2)?
-11
Let j(g) = 21519*g - 128439. Calculate j(6).
675
Let u(o) = 802*o + 162526. What is u(-203)?
-280
Let l(d) = d**2 + 178*d - 9247. Determine l(-220).
-7
Let v(c) = c**3 + 634*c**2 + 50759*c - 107. Calculate v(-94).
-13
Let z(h) = 14379*h + 1035249. Give z(-72).
-39
Let u(o) = 2165*o - 51805. Determine u(24).
155
Let d(g) = -g**3 + 168*g**2 + 9*g - 1717. Calculate d(168).
-205
Let u(b) = -336*b**3 - 4*b**2 - 12*b + 17. Give u(1).
-335
Let z(y) = -1235*y - 5609. Calculate z(-5).
566
Let m(a) = 21*a**3 - 181*a**2 - 465*a - 284. Give m(-1).
-21
Let v(y) = 17*y**2 + 57*y - 153. Calculate v(6).
801
Let j(k) = -6*k**3 - 6*k**2 - 9*k + 23. Give j(-5).
668
Let b(x) = -3*x**3 + 116*x**2 - 89*x + 195. Calculate b(38).
-299
Let d(p) = 1645*p - 37. Give d(0).
-37
Let i(t) = t**3 - 53*t**2 + 145*t + 86. Determine i(50).
-164
Let c(b) = 124*b**2 - 340*b + 12. Give c(3).
108
Let t(k) = 1556*k + 101614. Give t(-65).
474
Let a(p) = -6990*p - 167964. Give a(-24).
-204
Let q(z) = -304*z**3 + 2257*z**2 - 905*z + 20. What is q(7)?
6
Let k(r) = 93*r + 10529. What is k(-114)?
-73
Let i(u) = -1746*u - 1456. What is i(-1)?
290
Let t(v) = 11*v**2 + 62*v + 151. Calculate t(-14).
1439
Let j(t) = -2*t**3 - 248*t**2 + 2103*t + 62. Give j(8).
-10
Let v(p) = -p**3 - 6*p**2 + 1426*p - 305. What is v(-41)?
64
Let d(x) = -4*x**2 - 4482*x - 480218. Calculate d(-120).
22
Let r(s) = -640*s - 5729. Give r(-15).
3871
Let j(x) = -x**2 - 134*x + 3673. What is j(27)?
-674
Let c(d) = -231*d - 9031. Calculate c(-41).
440
Let h(b) = -2*b**2 + 39*b + 4487. Calculate h(58).
21
Let b(c) = -5*c**3 - 7519*c**2 - 5987*c + 37584. Determine b(-1503).
9
Let q(i) = 4656*i - 1941506. Calculate q(417).
46
Let r(c) = -6*c**2 + 246*c - 396. What is r(4)?
492
Let u(a) = 34*a - 768. Calculate u(34).
388
Let s(f) = 24440*f + 219956. Determine s(-9).
-4
Let g(x) = 2*x**3 + 52*x**2 + 78*x + 1143. Calculate g(-26).
-885
Let p(l) = 103*l**2 + 2929*l + 8870. What is p(-25)?
20
Let v(g) = 16*g**2 - 240*g + 31. Calculate v(17).
575
Let c(a) = -a**2 - 8189*a - 447357. What is c(-55)?
13
Let o(z) = -326797*z - 2287572. What is o(-7)?
7
Let y(d) = 2405*d**2 + 7206*d - 20. What is y(-3)?
7
Let h(f) = 462*f - 12951. Give h(28).
-15
Let b(j) = 2*j**2 - 2711*j + 89. What is b(0)?
89
Let a(d) = 4*d**2 + 1959*d + 5362. Determine a(-487).
5
Let d(f) = f**2 + 19*f - 14734. Calculate d(114).
428
Let r(s) = -2*s**3 - 206*s**2 - 81*s - 8419. Give r(-103).
-76
Let c(f) = -11*f**2 - 138*f - 1179. Calculate c(-10).
-899
Let l(i) = -2261593*i + 6784784. Calculate l(3).
5
Let l(z) = 1661*z + 27328. Give l(-17).
-909
Let q(v) = -1075*v - 6785. Give q(-6).
-335
Let j(b) = -b**3 - 406*b**2 - 4982*b - 2193341. What is j(-407)?
-18
Let r(u) = u**3 + 73*u**2 - 184*u + 3482. What is r(-76)?
138
Let c(v) = -5*v**3 - 34*v**2 - 200*v - 55. Calculate c(-5).
720
Let o(x) = 28*x**3 + 727*x**2 - 42*x - 410. Give o(-26).
6
Let w(o) = -2*o**2 - 6297*o + 82204. Calculate w(13).
5
Let d(g) = g**2 + 362*g - 16420. Give d(40).
-340
Let w(p) = p**3 - 41*p**2 - 560*p - 29. What is w(52)?
595
Let z(m) = m**3 - 9*m**2 - 131*m + 899. What is z(13)?
-128
Let r(k) = -k**3 + 28*k**2 + 34*k + 6. Calculate r(-1).
1
Let c(z) = 4*z**2 - 234*z + 409. Give c(57).
67
Let t(n) = -965*n + 44214. Determine t(46).
-176
Let w(f) = 80*f**3 + 29601*f**2 + 441*f + 26272. Give w(-370).
2
Let f(b) = b**3 - 34*b**2 - 118*b + 1621. Give f(36).
-35
Let w(g) = 7*g + 2634. Give w(-377).
-5
Let d(r) = 31743*r + 317263. Calculate d(-10).
-167
Let q(x) = 4*x**2 - 253*x - 956. What is q(-4)?
120
Let y(f) = 538*f - 18255. Calculate y(34).
37
Let h(a) = 2*a**3 - 203*a**2 + 660*a + 38046. Determine h(96).
30
Let f(k) = -k**3 - 21*k**2 + 14080*k + 282020. Calculate f(-20).
20
Let b(l) = l**3 - 35*l**2 - 37*l + 782. What is b(-5)?
-33
Let s(p) = -40129*p - 40131. Determine s(-1).
-2
Let u(t) = -t**2 - 5*t - 50. Calculate u(19).
-506
Let i(o) = -627*o - 25606. Determine i(-45).
2609
Let b(f) = -13*f**2 - 3244*f - 55667. Determine b(-231).
4
Let y(n) = -1835*n + 326797. What is y(178)?
167
Let v(y) = 367*y - 2604. What is v(7)?
-35
Let y(p) = -p**3 - 48*p**2 - 274*p - 648. Determine y(-42).
276
Let h(v) = -5*v**3 - 49*v**2 - 90*v - 539. Determine h(-9).
-53
Let l(w) = -246*w + 6313. Give l(24).
409
Let i(q) = q**3 - 204*q**2 + 3985*q + 51. What is i(22)?
-367
Let j(y) = y**3 - 1818*y**2 + 3*y - 21. What is j(0)?
-21
Let h(g) = -g**2 - 328*g + 13495. Calculate h(37).
-10
Let l(m) = -7*m**2 + 34*m + 3381. Give l(-20).
-99
Let s(b) = -179*b - 13871. Give s(-67).
-1878
Let h(v) = v**3 - 48*v**2 - 82*v + 775. Give h(49).
-842
Let l(c) = -710*c - 19908. Give l(-28).
-28
Let i(x) = x**2 - 163*x - 1026. Give i(-6).
-12
Let b(k) = 190*k**3 - 4*k**2 - 166*k + 168. Give b(1).
188
Let i(c) = 2*c**3 - 487*c**2 + 352*c - 26476. Give i(243).
11
Let c(r) = 159*r - 1394. Determine c(11).
355
Let z(t) = t**3 + 103*t**2 - 201*t - 82. Determine z(-105).
-1027
Let g(r) = -2*r**2 + 1393*r + 60206. Calculate g(-41).
-269
Let f(k) = -3*k**3 + 83*k**2 + 579*k - 1. Determine f(-6).
161
Let b(s) = 2*s**3 - 186*s**2 + 379*s - 1339. What is b(91)?
26
Let h(z) = 3*z**3 + 29*z**2 + 89*z + 966. Give h(-9).
327
Let p(i) = -306*i**3 + i - 2072. Determine p(0).
-2072
Let q(z)